he second derivative of p(y). List the prime factors of m(3).
37
Let k(m) = -m - 18. Let l be k(-14). Let w(v) = v**3 + 7*v**2 - 6*v - 1. What are the prime factors of w(l)?
71
Suppose -6*j = 11*j - 3247. List the prime factors of j.
191
Suppose 5*g = -0*g + 45. Suppose 3*b + r = 2*r - 3, 3*r - 9 = 0. List the prime factors of (b - -1) + g - 0.
2, 5
Suppose -70 = 3*h - 469. Let p = -95 + h. Let c = 66 - p. What are the prime factors of c?
2, 7
Suppose -2*c - 21 = -5*c. Suppose 88 = c*h - 6*h. What are the prime factors of h?
2, 11
Suppose -9 = -5*l + 6. Suppose -l*i + 10 = n, n = 5*i + 4*n - 22. Suppose -i*g = g - 147. List the prime factors of g.
7
Suppose 0*g + 8*g - 544 = 0. Suppose 3*f - 33 = -s, -5*s + s + 4*f + g = 0. List the prime factors of s.
3, 7
Suppose -9*v + 2104 + 2468 = 0. What are the prime factors of v?
2, 127
Suppose -v - 7 = l, 9 + 6 = -3*l + 3*v. Let p be l/(-4)*8/3. What are the prime factors of 43 + p - (-1 - 1)?
7
Let o(k) = -k + 3. Let y be o(0). Let f be -10*4/(-8) - y. Suppose 0 = -5*x - 0*n + 2*n + 107, -2*x = -f*n - 44. List the prime factors of x.
3, 7
Suppose -7*a = -3*a - 508. Suppose -2*k - 6*l = -9*l - 215, k - a = -5*l. List the prime factors of k.
2, 7
Suppose -4*y + y = -195. Suppose -y = -5*p - 410. Let d = -41 - p. What are the prime factors of d?
2, 7
Suppose -12*y + 736 + 920 = 0. List the prime factors of y.
2, 3, 23
Let h be (1/(5/3))/(25/250). What are the prime factors of (1 + -4)*29*h/(-9)?
2, 29
Let i = -330 - -388. What are the prime factors of i?
2, 29
Let d = -49 - -56. Suppose 3*n - 5*r = -2*r - 9, -2*n - 6 = 5*r. Let h = n + d. List the prime factors of h.
2
Let q(r) = -r**2 + 3*r - 3. Let k be q(3). Let x = k + 6. Suppose x*o = -3*y + o + 89, 2*o - 27 = -y. List the prime factors of y.
31
Suppose -63*w - 1275 = -12804. List the prime factors of w.
3, 61
Suppose n = -3*m + 88, 3*n = -m - 3*m + 124. Let r(u) = u**2 - 24*u + 5. What are the prime factors of r(m)?
3, 13
Let t(p) = -9*p + 2. Let k = -29 - -27. What are the prime factors of t(k)?
2, 5
Suppose 3 = -2*l + 11. Suppose l*x = 7*x - 36. Suppose 2*t = a - x, 0 = -2*a - 4*t + 3 - 11. What are the prime factors of a?
2
Let p(s) = 3*s + 42. Let d be p(20). Suppose 3*o = 126 + d. What are the prime factors of o?
2, 19
Let l(w) = w**2 + 15*w - 17. Let p be l(-14). Suppose 0*s - 3*s - 36 = 3*y, -4*y = -5*s + 12. Let a = y - p. What are the prime factors of a?
23
Let k(w) = w**2 - 5*w - 3. Let l be k(9). Suppose -9 = 4*a - l. Suppose -a = -4*x + 18. What are the prime factors of x?
2, 3
Let j(m) = -3*m**2 + 28*m + 16. Let q(u) = -2*u**2 + 19*u + 11. Let z(b) = -5*j(b) + 8*q(b). List the prime factors of z(11).
19
Let o(t) = t - 7. Let v be o(9). Suppose 0 = -v*y - 4 - 12. Let d(n) = -n**3 - 8*n**2 - 4*n + 8. What are the prime factors of d(y)?
2, 5
Let k(x) = -22*x**2 - 2. Let d(y) = 23*y**2 - y + 2. Let r(b) = 5*d(b) + 4*k(b). What are the prime factors of r(1)?
2, 3
Suppose 3*k = -i - 12, -i = -5*i + 3*k - 18. What are the prime factors of 1/i - (-7735)/42?
2, 23
Let g(f) = f**3 + 2*f**2 + 3. Let i be g(-3). Let p(c) be the first derivative of -c**4/4 - 4*c**3/3 + 3*c**2 + 3*c - 22. List the prime factors of p(i).
3, 13
Let j = -27 - -72. Let i be 12/15*5/2. Let x = i + j. What are the prime factors of x?
47
Suppose -c + 4*p + 100 = 0, 5*p - 6*p = -3*c + 278. Suppose h + d - 46 = 3*h, -4*h = -3*d + c. Let x = h - -34. What are the prime factors of x?
11
Suppose -180 = -4*v + 92. Let i = 140 - v. List the prime factors of i.
2, 3
Suppose 2*y = -2, 4*g - y - 435 = 626. List the prime factors of g.
5, 53
Let d be 1/2 + 70/20. Suppose -3*a - 3 = o, 3*o + a = d*o - 1. Suppose -5*l + o + 40 = 0. What are the prime factors of l?
2
Let f = -2 - -6. Suppose -3*g = -f*g - 1. Let r(v) = -20*v**3. What are the prime factors of r(g)?
2, 5
Suppose 4 - 12 = -l. Let m be 11/1 + (l - 12). Suppose 4*h + 21 = m*h. List the prime factors of h.
7
Suppose -c - 3 = -2. Suppose 3*a - 3*n - 69 = 0, 4*n = -a + 66 - 18. Let m = c + a. What are the prime factors of m?
3
Let s be (-9)/4 + 3 - 17/(-4). Suppose -s*q = 2*v - 78, -2*v + q + 78 = -q. What are the prime factors of v?
3, 13
Let g(i) = 119*i - 1. Let z(y) = -120*y + 1. Let p(c) = 2*g(c) + 3*z(c). What are the prime factors of p(-1)?
3, 41
Suppose 5*q + 333 = -2367. What are the prime factors of 1/(-1 - q/536)?
2, 67
Suppose 3*k + 16 = k. Let j be (-15)/(k/(-4) + -3). Let l(w) = -w**2 + 16*w + 19. What are the prime factors of l(j)?
2, 17
Let m = 9292 + -6108. What are the prime factors of m?
2, 199
Suppose -3*j + 1437 = -3*c, -6*c = -8*c - 4. What are the prime factors of j?
3, 53
Suppose 2*m - 8 = u, -m + 3*u - u + 4 = 0. Suppose 298 - 58 = m*r. What are the prime factors of r?
2, 3, 5
Let o(d) = 8*d**2 + 7*d - d**3 - 17*d + 8*d + 6. Let w be o(6). Suppose -w = -0*r - r. List the prime factors of r.
2, 3, 11
Suppose 18*g - 1523 = 5011. List the prime factors of g.
3, 11
What are the prime factors of (-56)/(-48)*3 + (-1761)/(-6)?
3, 11
Let l(x) = 9*x**2 - 2*x - 4. Suppose p - 23 = -4*g, -3*p + 0*g = g - 58. Let q = -21 + p. List the prime factors of l(q).
2, 3
Suppose -6*v - 1644 = -7434. What are the prime factors of v?
5, 193
Let y(r) = -r**3 + 9*r**2 - 2*r - 10. Suppose 2*g - 28 = 3*i, -2*i - 48 + 8 = -4*g. List the prime factors of y(g).
2, 19
List the prime factors of -1*27818/(-14) - -4.
11, 181
Let t(z) = z**3 + 7*z**2 - 12*z - 23. Let o = 37 + -43. What are the prime factors of t(o)?
5, 17
Let r(j) = -j**2 + 17*j - 46. What are the prime factors of r(6)?
2, 5
List the prime factors of (-36)/54*(-39)/2.
13
Let g be (-2)/(-6)*(11 + -8). List the prime factors of 77 + g/1 + 0.
2, 3, 13
Let p = 10 - 6. Suppose 3*t - 4 = -5*y - 8, 2*t = p. Let q(r) = 2*r**2 + 4*r + 3. What are the prime factors of q(y)?
3
Suppose -18*w + 5611 = 4*x - 17*w, -2*w + 6 = 0. List the prime factors of x.
2, 701
Suppose 0 = -m + 512 + 5726. What are the prime factors of m?
2, 3119
Let l(w) = -2*w**3 + 5*w**2 + 4*w. Let t(g) = -g + 3. Let r be t(-2). Let n be l(r). List the prime factors of (180/n)/(1/(-28)).
2, 3
Suppose 63*c - 307116 = -13*c. What are the prime factors of c?
3, 449
List the prime factors of (-126)/(-112)*20*(2 - -60).
3, 5, 31
Suppose 0 = -5*s - 5*v - 20, -20 = -7*s + 2*s + 3*v. What are the prime factors of s*(-3*6/9 + 214)?
2, 53
Let w = 20 + -23. What are the prime factors of (-1)/w + ((-150)/9)/(-1)?
17
Let k be 1/((-2)/74) + 2. Let t = 106 + k. List the prime factors of t.
71
Suppose t = 2*t - 4. Let b = -1651 + 1656. Suppose -2 = -p - 4*v, -t*p = -b*v - 7 - 22. List the prime factors of p.
2, 3
Suppose 33*m - 37*m = -1208. What are the prime factors of m?
2, 151
Let c = -14 + 19. Suppose -c*t + 158 = j, 28 = t - 2*j + 4*j. List the prime factors of t.
2
Let w(i) = -i**3 + 22*i**2 - 23*i + 42. Let v be w(21). Suppose v = x - 172 - 25. List the prime factors of x.
197
Let j be (-25020)/(-40)*1/6*4. Suppose 0 = -3*q - 15 + j. List the prime factors of q.
2, 67
Let c be -4*(4 + 4) + 0. Let z = 85 + c. What are the prime factors of z?
53
Suppose 115*s + 35 = 110*s. Let m(i) = -2*i**3 - 10*i**2 - 5*i + 8. List the prime factors of m(s).
239
Let u be (-1 + 4 + -3)*1. Let j = 3 + 1. Suppose 0*w - j*w + 324 = u. List the prime factors of w.
3
Suppose 9*h - 371 = 1312. List the prime factors of h.
11, 17
Suppose -2*p = -3*m - 161, -5*m - p + 2*p = 266. Let o = m + 79. What are the prime factors of o?
2, 13
Let t = 3554 + -2327. List the prime factors of t.
3, 409
Let v be (-8)/(-2) - (28 + -27). Suppose v*a - 3*j - 4 = 116, 117 = 3*a - 2*j. List the prime factors of a.
37
Let c(m) = -52*m**3 - 9*m**2 - 2*m. What are the prime factors of c(-3)?
3, 443
Suppose 125*i = 124*i + 451. What are the prime factors of i?
11, 41
Let y be 4*(9/(-12) - 12/(-8)). List the prime factors of (-126)/12*(-16)/y.
2, 7
Let v(t) be the second derivative of -5*t**5/8 - t**4/24 - 2*t**3 - 12*t. Let q(f) be the second derivative of v(f). What are the prime factors of q(-1)?
2, 37
Let q = -2 - -28. Suppose 894 = -q*n + 32*n. What are the prime factors of n?
149
Suppose -5*s + 10*s - 1365 = 0. Let f = -65 + s. List the prime factors of f.
2, 13
Let d(i) = 2*i**3 + i. Suppose 0 = 2*n + 4 + 4, -4*w + n + 8 = 0. Let m be d(w). Suppose -10 = -m